 when 16539 is divided by 258.
27
What is the remainder when 35337 is divided by 416?
393
What is the remainder when 141312 is divided by 141250?
62
What is the remainder when 38206 is divided by 23?
3
What is the remainder when 248991 is divided by 266?
15
Calculate the remainder when 24810 is divided by 577.
576
What is the remainder when 15978 is divided by 54?
48
What is the remainder when 818 is divided by 491?
327
Calculate the remainder when 44927 is divided by 214.
201
What is the remainder when 46277 is divided by 228?
221
What is the remainder when 162745 is divided by 10?
5
Calculate the remainder when 267065 is divided by 312.
305
Calculate the remainder when 4135 is divided by 50.
35
Calculate the remainder when 67578 is divided by 9654.
0
Calculate the remainder when 8250 is divided by 1086.
648
Calculate the remainder when 7045 is divided by 261.
259
What is the remainder when 82287 is divided by 279?
261
Calculate the remainder when 2804 is divided by 63.
32
Calculate the remainder when 57455 is divided by 315.
125
Calculate the remainder when 1348081 is divided by 153.
151
Calculate the remainder when 5777 is divided by 17.
14
What is the remainder when 14570 is divided by 26?
10
What is the remainder when 16240 is divided by 737?
26
What is the remainder when 61025 is divided by 116?
9
Calculate the remainder when 457008 is divided by 35153.
19
Calculate the remainder when 15554 is divided by 676.
6
What is the remainder when 160041 is divided by 138?
99
What is the remainder when 4046 is divided by 4028?
18
Calculate the remainder when 52333 is divided by 240.
13
Calculate the remainder when 469954 is divided by 6911.
6
What is the remainder when 2452 is divided by 900?
652
What is the remainder when 2817 is divided by 2817?
0
What is the remainder when 6710 is divided by 17?
12
What is the remainder when 217 is divided by 76?
65
What is the remainder when 31677 is divided by 5146?
801
What is the remainder when 16099 is divided by 268?
19
Calculate the remainder when 6094 is divided by 281.
193
Calculate the remainder when 620 is divided by 300.
20
Calculate the remainder when 830086 is divided by 168.
166
Calculate the remainder when 138786 is divided by 407.
406
What is the remainder when 167104 is divided by 81?
1
Calculate the remainder when 983 is divided by 454.
75
What is the remainder when 206914 is divided by 13?
6
Calculate the remainder when 5612 is divided by 156.
152
Calculate the remainder when 18719 is divided by 39.
38
What is the remainder when 8533 is divided by 2837?
22
Calculate the remainder when 76526 is divided by 76.
70
Calculate the remainder when 3643 is divided by 1818.
7
Calculate the remainder when 12053 is divided by 609.
482
What is the remainder when 30308 is divided by 281?
241
What is the remainder when 51806 is divided by 17102?
500
Calculate the remainder when 25198 is divided by 55.
8
Calculate the remainder when 94510 is divided by 18899.
15
Calculate the remainder when 12073 is divided by 282.
229
What is the remainder when 109665 is divided by 1958?
17
Calculate the remainder when 1753 is divided by 49.
38
Calculate the remainder when 987164 is divided by 493577.
10
What is the remainder when 719155 is divided by 79905?
10
What is the remainder when 1702 is divided by 236?
50
Calculate the remainder when 1684 is divided by 36.
28
What is the remainder when 1183741 is divided by 1799?
1798
Calculate the remainder when 46642 is divided by 507.
505
What is the remainder when 12414 is divided by 2811?
1170
What is the remainder when 875 is divided by 417?
41
What is the remainder when 7714 is divided by 968?
938
What is the remainder when 115188 is divided by 56?
52
Calculate the remainder when 84653 is divided by 22.
19
Calculate the remainder when 2916 is divided by 2907.
9
What is the remainder when 6686 is divided by 26?
4
What is the remainder when 39809 is divided by 36?
29
What is the remainder when 313 is divided by 212?
101
What is the remainder when 2684 is divided by 335?
4
Calculate the remainder when 115144 is divided by 69.
52
What is the remainder when 24410 is divided by 2029?
62
What is the remainder when 39146 is divided by 84?
2
What is the remainder when 44022 is divided by 143?
121
What is the remainder when 1543 is divided by 72?
31
Calculate the remainder when 29996 is divided by 14977.
42
What is the remainder when 2132870 is divided by 20?
10
What is the remainder when 295600 is divided by 77?
74
Calculate the remainder when 20753 is divided by 4149.
8
What is the remainder when 2897 is divided by 2775?
122
Calculate the remainder when 13892 is divided by 926.
2
What is the remainder when 4082 is divided by 184?
34
Calculate the remainder when 47841 is divided by 492.
117
Calculate the remainder when 533949 is divided by 16.
13
What is the remainder when 17528 is divided by 720?
248
What is the remainder when 95928 is divided by 279?
231
What is the remainder when 39352 is divided by 54?
40
Calculate the remainder when 8090 is divided by 25.
15
Calculate the remainder when 91775 is divided by 48.
47
What is the remainder when 93 is divided by 91?
2
What is the remainder when 416178 is divided by 499?
12
What is the remainder when 99368 is divided by 99359?
9
What is the remainder when 4787 is divided by 267?
248
Calculate the remainder when 8950 is divided by 2212.
102
What is the remainder when 948788 is divided by 141?
140
What is the remainder when 1548 is divided by 18?
0
What is the remainder when 536 is divided by 531?
5
What is the remainder when 385 is divided by 22?
11
Calculate the remainder when 30770 is divided by 1581.
731
What is the remainder when 3969 is divided by 22?
9
What is the remainder when 453914 is divided by 10?
4
Calculate the remainder when 179116 is divided by 62.
60
What is the remainder when 91576 is divided by 267?
262
What is the remainder when 2395 is divided by 45?
10
What is the remainder when 1458 is divided by 264?
138
Calculate the remainder when 1807 is divided by 1786.
21
Calculate the remainder when 28246 is divided by 14123.
0
What is the remainder when 310977 is divided by 4859?
1
Calculate the remainder when 14625 is divided by 4591.
852
What is the remainder when 292010 is divided by 3?
2
What is the remainder when 156792 is divided by 917?
902
Calculate the remainder when 3736 is divided by 3662.
74
Calculate the remainder when 62337 is divided by 265.
62
Calculate the remainder when 53457 is divided by 60.
57
What is the remainder when 50634 is divided by 253?
34
What is the remainder when 10764 is divided by 297?
72
Calculate the remainder when 22177 is divided by 142.
25
Calculate the remainder when 3002 is divided by 301.
293
What is the remainder when 119616 is divided by 3735?
96
What is the remainder when 709980 is divided by 581?
579
Calculate the remainder when 6476 is divided by 3159.
158
What is the remainder when 47223 is divided by 488?
375
Calculate the remainder when 12639 is divided by 366.
195
Calculate the remainder when 75940 is divided by 249.
244
What is the remainder when 273098 is divided by 38?
30
Calculate the remainder when 836418 is divided by 52.
50
Calculate the remainder when 384138 is divided by 10.
8
Calculate the remainder when 3307 is divided by 1388.
531
Calculate the remainder when 2208 is divided by 193.
85
Calculate the remainder when 370536 is divided by 690.
6
What is the remainder when 3662 is divided by 14?
8
Calculate the remainder when 395518 is divided by 240.
238
Calculate the remainder when 579088 is divided by 398.
396
What is the remainder when 7519 is divided by 300?
19
What is the remainder when 6984 is divided by 19?
11
Calculate the remainder when 2452 is divided by 30.
22
Calculate the remainder when 29106 is divided by 9700.
6
What is the remainder when 158914 is divided by 323?
321
What is the remainder when 992867 is divided by 12?
11
Calculate the remainder when 634789 is divided by 37.
17
What is the remainder when 592 is divided by 208?
176
Calculate the remainder when 44698 is divided by 22.
16
Calculate the remainder when 17443 is divided by 406.
391
Calculate the remainder when 8565128 is divided by 35.
33
What is the remainder when 268533 is divided 